t b(s) = s - 2. Let w be b(4). Let v(o) = 0 + 3*o**2 - 3*o**2 + o**3 + o + 5*o**2 - w. Calculate v(-5).
-7
Let m be (4/3)/((-40)/(-30)). Let u(w) be the first derivative of 3*w**2 - m - 1/3*w**3 - w. Calculate u(4).
7
Let b(d) = -3*d**3 + 6*d**2 - 11 - 7*d**2 - d - 4*d + 2*d. Let r(h) = 2*h**3 + h**2 + h + 6. Let c(m) = 3*b(m) + 5*r(m). Determine c(-3).
0
Let u(c) = -c**2 + 4*c - 6. Let s(l) = -l**2 + 4*l + 7. Let t be s(5). Suppose -b - 11 = 4*q + q, t*b + 3*q + 1 = 0. What is u(b)?
-6
Let i be (-3)/6*(0 - 8). Suppose i = o - 3*o. Let w(h) = h - 2*h + 1 - 2*h. Calculate w(o).
7
Let z(y) = 9*y**3 - 1 - 7*y**3 - 5*y**3 - y**2 - y**2 - 2*y. Calculate z(-1).
2
Let h(v) be the third derivative of v**4/24 - 7*v**3/6 - 6*v**2. Give h(5).
-2
Let i = 1 + -1. Let f = -1 - -8. Let h(u) = -9*u + 5. Let p(v) = -5*v + 2. Let w(k) = f*p(k) - 4*h(k). What is w(i)?
-6
Let k(t) = t + 3. Let j(z) = -z + 15. Let i(s) = s**3 - 5*s**2 - 3*s - 8. Let a be i(6). Let b be j(a). Calculate k(b).
8
Let t(k) = -k - 1. Suppose 0 = -5*o - f + 56 - 20, 2*o - 2*f = 12. Determine t(o).
-8
Let g be 24/6 - (2 + -4). Let o(r) = -g*r - 4*r - 1 + r**2 + 3*r. What is o(6)?
-7
Suppose -3*m = -2*f + 18, 3*m + 42 = 6*f - 2*f. Suppose 0 = -r - 3*r + f. Let k(q) = -q**3 + 3*q**2 - 2*q + 3. Calculate k(r).
-3
Let u(o) = o**3 - o**2 - o + 3. Let x = -187 + 190. Give u(x).
18
Let d(l) = -4*l**2 + l**3 + 4*l**2 - 8*l**2 - 10 + 9*l. Give d(7).
4
Suppose -5*u + 36 = 3*m, 0*m = -2*u + 3*m + 6. Suppose u*s - 10 = s. Let k(z) = -2*z**2 + 2*z - 3. Determine k(s).
-7
Let g be -10*(-3)/24*-4. Let o(a) be the third derivative of -a**4/24 - a**3/2 + 2*a**2. What is o(g)?
2
Let d(v) = 5*v**2 + 4*v. Let s = -2 - -4. Let g(i) = 4*i - 4*i - i**s. Let m(b) = -d(b) - 4*g(b). Determine m(-2).
4
Let q(p) = -5*p**3 + 2*p**2 - 10*p + 5. Let f(k) = 11*k**3 - 3*k**2 + 21*k - 11. Let g(v) = 4*f(v) + 9*q(v). Determine g(4).
9
Suppose -4*k = 10*k + 56. Let r(u) = u**3 + 3*u**2 - 2*u - 6. Calculate r(k).
-14
Let k = -35 + 40. Let f(b) = b**2 - 6*b + 5. Calculate f(k).
0
Let c(q) = -q**2 + 4*q - 4. Suppose 6 = 3*u - 3. Give c(u).
-1
Suppose 3*n - 31 = 5*f + 2*n, -27 = 5*f + 3*n. Let o(a) = a. Calculate o(f).
-6
Let f(t) = -5*t**2 - 11*t + 2. Let p(w) = w**2 + w. Let l = 9 - 10. Let h(j) = l*f(j) - 6*p(j). Determine h(4).
2
Let d(a) = -4*a**2 - 2*a**2 + 2*a**3 - a**3 + 7 + 3*a. Let i(n) = -19*n + 157. Let k be i(8). What is d(k)?
-3
Let c(u) = 3*u + 1. Suppose 4*x = -x + 15. Suppose 3*d = z - 2*z - 1, -3*z = -2*d + x. Calculate c(z).
-2
Let q = -7 - -1. Let o(v) be the first derivative of -v**2 - 7*v + 14. Give o(q).
5
Suppose 4*r = -o + 12 + 10, -5*o + 30 = 4*r. Let w(g) = g**2 - g + 2. Determine w(o).
4
Let c(t) = -t - 5. Let d be c(-7). Let r(p) = -3*p + 2*p**3 + 0 + d*p + 3 - p**3. Determine r(0).
3
Let a(z) = -36*z + 2. Let q(p) = -18*p + 1. Let m(w) = -3*a(w) + 7*q(w). Give m(2).
-35
Let i(g) = g**3 + 4*g**2 - 5*g + 7. Let h be ((-2)/(-4)*-5)/(2/4). Calculate i(h).
7
Let j(m) = 7*m**2 + m. Suppose -2*p + 1 = -1. Let f be -5 + 6 - p*-1. Suppose -2 = -f*v - 4. Calculate j(v).
6
Let s(q) = 6*q**3 - 10*q**2 + q + 7. Let v(c) = -c**3 + c**2 - 1. Let d(n) = -s(n) - 5*v(n). Give d(4).
10
Let a(o) = -o**3 - 6*o**2 + 6*o - 2. Let p(b) = b**3 + 1. Let j(l) = -a(l) - 2*p(l). Let h be j(5). Let v(i) = i**3 + 4*i**2 - 5*i + 2. Determine v(h).
2
Let i = -887 + 882. Let m(v) = -4*v**2 - 8*v + 2. Let t(p) = p**2 + p + 1. Let f(a) = -m(a) - 3*t(a). What is f(i)?
-5
Let s be (-2 - -5)/((-5)/(-10)). Suppose 0 = -2*k + s, -3*k = 4*y + k - 24. Let m(n) = n**2 - 4. Determine m(y).
5
Let t(s) be the second derivative of s**4/12 - 5*s**3/6 + 3*s**2/2 - 5*s. Determine t(7).
17
Let n = 1 - 1. Let z = n - -6. Let v(o) = 0*o - 2 + o + z. What is v(-4)?
0
Let z = -1 - 1. Let w(t) be the third derivative of t**6/120 + t**5/60 + t**3/6 + 33*t**2. Give w(z).
-3
Let q = -144 + 141. Let w(f) be the second derivative of 2*f**3/3 + 2*f**2 - f. What is w(q)?
-8
Let y(z) = z - 4. Let n(d) = -d**3 - 13*d**2 - 13*d - 10. Let s be n(-12). Let i be (0 - -14)*s/4. Suppose 2*m = i*m - 15. Give y(m).
-1
Let i(j) be the third derivative of j**5/60 - j**4/8 + 2*j**3/3 - j**2 + 20*j. Let o(c) = c**3 + 4*c**2 + c - 1. Let t be o(-3). Calculate i(t).
14
Let w be (-4)/24 - 21/(-18). Let h = w + -4. Let p(r) = -r**3 - r**2 + 5*r + 3. What is p(h)?
6
Let g(b) = 3*b + 6. Suppose 3*v = 6*v. Let y = v - 4. What is g(y)?
-6
Let u(q) = 3*q**3 + 6*q**2 - q - 3. Let n(b) = b**3 + 2*b**2 - 1. Let v(c) = 11*n(c) - 4*u(c). Calculate v(-3).
-2
Let q(b) = 2*b + 14. Let d be (42/(-15))/((-4)/10). Let c(z) = z + d - 4*z + 4*z. Let v(y) = 13*c(y) - 6*q(y). Give v(0).
7
Let y(t) be the first derivative of 3*t**4/2 + t**3/3 + t**2/2 + t + 1. Calculate y(-1).
-5
Let o(f) = 1 - 1 + 2*f**2 + 1 - f**2 + 4*f. Give o(-5).
6
Let i(a) = -a - 2. Let s(f) = -f + 7. Let p be s(5). Calculate i(p).
-4
Let j(h) = -h + 8. Let o be j(7). Let m(v) = -8*v**2 - 1. Determine m(o).
-9
Let p be (-4)/6*(-6)/(-2). Let j(r) = -2*r - 1. Let a be j(p). Suppose -2*k + 12 = -a*f + 5*f, 0 = -5*f + 20. Let q(d) = -4*d + 3. What is q(k)?
-5
Let c(n) = -n - 16. Let i be c(-7). Let o(k) = -k**3 - 9*k**2 + 6. Let f be o(i). Suppose d = f*d. Let h(s) = s**3 - s**2 + s - 6. Give h(d).
-6
Let v(a) = a + 8. Let l(f) = -f**2 - 6. Let s be l(0). Let t be v(s). Let c be 18/(-12) + (-1)/t. Let n(x) = -2*x - 2. Give n(c).
2
Suppose -4*d = -4, -4*o - 4*d - 29 = -7*o. Let y(p) = -o*p - 5 + 21*p - 9*p. Calculate y(4).
-1
Let u(r) be the first derivative of -r**3 - 3*r**2/2 + 22. Calculate u(-2).
-6
Suppose 4*q - 8 = 8. Let j be ((-2)/3)/(q/18). Let i(z) = z + 5. What is i(j)?
2
Let c be 108/4 - (-9)/3. Suppose -o - 3*o = -5*h + c, -4*h - 3*o = 7. Let l(v) = 2*v - 3. What is l(h)?
1
Let c(i) = 2*i - 15. Let j(o) = -3*o + 22. Let k(r) = 7*c(r) + 5*j(r). What is k(4)?
1
Let i(z) = -z. Let n = 11 - 16. Determine i(n).
5
Let h(g) = g**2 + 14*g + 21. Let s be h(-12). Let p(b) = 2*b - 3. Determine p(s).
-9
Let k(n) = -4*n - 1. Let r(t) = 9*t + 3. Let m(l) = -5*k(l) - 2*r(l). Determine m(4).
7
Let n(u) = 7*u**3 + 12*u**2 - 2*u - 8. Let b(i) = 3*i**3 + 6*i**2 - i - 4. Let y(f) = 5*b(f) - 2*n(f). Let g = 496 - 502. Determine y(g).
2
Let v be 2/(-7) - (-18)/14. Let j(x) = -6*x**3 - 11*x**2 - 4*x - 5. Let a(i) = 17*i**3 + 30*i**2 + 11*i + 14. Let r(o) = 4*a(o) + 11*j(o). What is r(v)?
2
Suppose -a - 3*c + 14 = a, 3*a + 5*c = 23. Let v(l) = -l - 1. Give v(a).
-2
Let v(c) = -c**3 - c**2 - c + 10. Let r(u) = -2*u. Let h be r(0). Give v(h).
10
Let d(x) be the second derivative of x**5/20 + x**4/3 - 5*x**3/6 - 5*x. Let q be 1*(-5 - (2 + -2)). Calculate d(q).
0
Suppose -4*q + 2*q = 2. Let w(x) = -3*x - 1. Let g be w(-1). Let a(v) = -g - 3*v**2 + 2. Give a(q).
-3
Let r be -2 - (-5 - (2 + -3)). Suppose -2*n + 5 = -u, 2*n - 7 = -u - 0*n. Let f(d) = -2*d**3 + u - 3*d**r + 2*d**2 + d + d**3. What is f(-1)?
0
Let v(b) be the second derivative of 3*b**4/4 + b**3/6 + 15*b. Calculate v(1).
10
Suppose -6 - 4 = -2*l. Let r(y) = 4*y - 24. Let p(i) = 2*i - 13. Let d(o) = -5*p(o) + 3*r(o). Give d(l).
3
Let p(b) = -8 - 3*b - 2*b - 2*b + 5*b. Give p(-7).
6
Let x = 16 + -11. Let h(z) = z**3 + z**2 + z + 1. Let a(w) = -6*w**3 - w**2 - 7. Let t(b) = -a(b) - 5*h(b). Determine t(x).
2
Let c(w) = -1. Let i(u) be the second derivative of -4*u**3/3 - 5*u**2/2 + 2*u. Let d(k) = -2*c(k) + i(k). Determine d(-2).
13
Let p(y) = -y + 1. Let i be p(1). Let x(t) be the second derivative of -t**4/12 - 5*t**2/2 - 2*t. Calculate x(i).
-5
Let p(y) = y**3 - y**2 + y. Let q(d) = d**3 + 9*d**2 + d + 11. Let t be q(-9). Let k be 102/27 + t/9. Suppose -4*c = -j + 11 + 7, 0 = -k*j - 2*c. Give p(j).
6
Let b(n) be the second derivative of n**8/6720 + n**7/840 + n**6/240 - n**4/2 + n. Let r(i) be the third derivative of b(i). Calculate r(-2).
-2
Let g(j) be the third derivative of -j**6/120 - j**5/60 - j**4/24 + j**3/6 + 8*j**2. Let l(x) = -x**2 + 3*x + 1. Let p be l(0). Give g(p).
-2
Suppose 5*i - 3*i = -w, 5*i = 3*w - 11. Suppose -3*y + 1 = q - w*q, y - 4*q = -18. Suppose -4 = -4*k + y*k. Let m(s) = -s + 3. Give m(k).
1
Let j = -2 + 6. Let w(y) be the first derivative of -y**3/3 + 5*y**2/2 + y + 1. What is w(j)?
5
Let j be (-1)/(0 - (-2 + 3)). Let k(n) be the third derivative of -7